{"id":7803,"date":"2025-11-26T07:31:48","date_gmt":"2025-11-26T06:31:48","guid":{"rendered":"https:\/\/www.participativni-rozpocet.cz\/kaplice\/?post_type=navrhy&#038;p=7803"},"modified":"2025-12-19T13:51:51","modified_gmt":"2025-12-19T12:51:51","slug":"obnova-pamatni-desky-na-radnici-2","status":"publish","type":"navrhy","link":"https:\/\/www.participativni-rozpocet.cz\/kaplice\/navrhy\/obnova-pamatni-desky-na-radnici-2\/","title":{"rendered":"Obnova pam\u00e1tn\u00ed desky na radnici"},"featured_media":7802,"comment_status":"open","ping_status":"closed","template":"","meta":{"_acf_changed":false},"status_navrhu":[29],"rocnik":[84],"class_list":["post-7803","navrhy","type-navrhy","status-publish","has-post-thumbnail","hentry","status_navrhu-realizovatelne","rocnik-84"],"acf":[],"yoast_head":"<!-- This site is optimized with the Yoast SEO plugin v24.2 - https:\/\/yoast.com\/wordpress\/plugins\/seo\/ -->\n<title>Obnova pam\u00e1tn\u00ed desky na radnici - Tvo\u0159\u00edme kaplicko<\/title>\n<meta name=\"robots\" content=\"index, follow, max-snippet:-1, max-image-preview:large, max-video-preview:-1\" \/>\n<meta property=\"og:locale\" content=\"cs_CZ\" \/>\n<meta property=\"og:type\" content=\"article\" \/>\n<meta property=\"og:title\" content=\"Obnova pam\u00e1tn\u00ed desky na radnici - Tvo\u0159\u00edme kaplicko\" \/>\n<meta property=\"og:description\" content=\"Cht\u011bli bychom obnovit pam\u011btn\u00ed desku ve slep\u00e9m okn\u011b v 1. pat\u0159e radnice. B\u00fdval\u00e1 deska vzpom\u00ednala na n\u00e1v\u0161t\u011bvu Franti\u0161ka Josefa I. v Kaplici v roce 1895 v r\u00e1mci vojensk\u00fdch man\u00e9vr\u016f. Deska byla um\u00edst\u011bna v roce 1896 a nev\u00edme, kdy a za jak\u00fdch okolnost\u00ed zmizela.\" \/>\n<meta property=\"og:url\" content=\"https:\/\/www.participativni-rozpocet.cz\/kaplice\/navrhy\/obnova-pamatni-desky-na-radnici-2\/\" \/>\n<meta property=\"og:site_name\" content=\"Tvo\u0159\u00edme kaplicko\" \/>\n<meta property=\"article:modified_time\" content=\"2025-12-19T12:51:51+00:00\" \/>\n<meta property=\"og:image\" content=\"https:\/\/www.participativni-rozpocet.cz\/kaplice\/wp-content\/uploads\/sites\/63\/2025\/11\/radnice-slepe-okno-min.png\" \/>\n\t<meta property=\"og:image:width\" content=\"1722\" \/>\n\t<meta property=\"og:image:height\" content=\"1483\" \/>\n\t<meta property=\"og:image:type\" content=\"image\/png\" \/>\n<meta name=\"twitter:card\" content=\"summary_large_image\" \/>\n<script type=\"application\/ld+json\" class=\"yoast-schema-graph\">{\"@context\":\"https:\/\/schema.org\",\"@graph\":[{\"@type\":\"WebPage\",\"@id\":\"https:\/\/www.participativni-rozpocet.cz\/kaplice\/navrhy\/obnova-pamatni-desky-na-radnici-2\/\",\"url\":\"https:\/\/www.participativni-rozpocet.cz\/kaplice\/navrhy\/obnova-pamatni-desky-na-radnici-2\/\",\"name\":\"Obnova pam\u00e1tn\u00ed desky na radnici - Tvo\u0159\u00edme kaplicko\",\"isPartOf\":{\"@id\":\"https:\/\/www.participativni-rozpocet.cz\/kaplice\/#website\"},\"primaryImageOfPage\":{\"@id\":\"https:\/\/www.participativni-rozpocet.cz\/kaplice\/navrhy\/obnova-pamatni-desky-na-radnici-2\/#primaryimage\"},\"image\":{\"@id\":\"https:\/\/www.participativni-rozpocet.cz\/kaplice\/navrhy\/obnova-pamatni-desky-na-radnici-2\/#primaryimage\"},\"thumbnailUrl\":\"https:\/\/www.participativni-rozpocet.cz\/kaplice\/wp-content\/uploads\/sites\/63\/2025\/11\/radnice-slepe-okno-min.png\",\"datePublished\":\"2025-11-26T06:31:48+00:00\",\"dateModified\":\"2025-12-19T12:51:51+00:00\",\"breadcrumb\":{\"@id\":\"https:\/\/www.participativni-rozpocet.cz\/kaplice\/navrhy\/obnova-pamatni-desky-na-radnici-2\/#breadcrumb\"},\"inLanguage\":\"cs\",\"potentialAction\":[{\"@type\":\"ReadAction\",\"target\":[\"https:\/\/www.participativni-rozpocet.cz\/kaplice\/navrhy\/obnova-pamatni-desky-na-radnici-2\/\"]}]},{\"@type\":\"ImageObject\",\"inLanguage\":\"cs\",\"@id\":\"https:\/\/www.participativni-rozpocet.cz\/kaplice\/navrhy\/obnova-pamatni-desky-na-radnici-2\/#primaryimage\",\"url\":\"https:\/\/www.participativni-rozpocet.cz\/kaplice\/wp-content\/uploads\/sites\/63\/2025\/11\/radnice-slepe-okno-min.png\",\"contentUrl\":\"https:\/\/www.participativni-rozpocet.cz\/kaplice\/wp-content\/uploads\/sites\/63\/2025\/11\/radnice-slepe-okno-min.png\",\"width\":1722,\"height\":1483},{\"@type\":\"BreadcrumbList\",\"@id\":\"https:\/\/www.participativni-rozpocet.cz\/kaplice\/navrhy\/obnova-pamatni-desky-na-radnici-2\/#breadcrumb\",\"itemListElement\":[{\"@type\":\"ListItem\",\"position\":1,\"name\":\"Dom\u016f\",\"item\":\"https:\/\/www.participativni-rozpocet.cz\/kaplice\/\"},{\"@type\":\"ListItem\",\"position\":2,\"name\":\"N\u00e1vrhy\",\"item\":\"https:\/\/www.participativni-rozpocet.cz\/kaplice\/navrhy\/\"},{\"@type\":\"ListItem\",\"position\":3,\"name\":\"Obnova pam\u00e1tn\u00ed desky na radnici\"}]},{\"@type\":\"WebSite\",\"@id\":\"https:\/\/www.participativni-rozpocet.cz\/kaplice\/#website\",\"url\":\"https:\/\/www.participativni-rozpocet.cz\/kaplice\/\",\"name\":\"Tvo\u0159\u00edme kaplicko\",\"description\":\"Participativn\u00ed rozpo\u010det\",\"publisher\":{\"@id\":\"https:\/\/www.participativni-rozpocet.cz\/kaplice\/#organization\"},\"potentialAction\":[{\"@type\":\"SearchAction\",\"target\":{\"@type\":\"EntryPoint\",\"urlTemplate\":\"https:\/\/www.participativni-rozpocet.cz\/kaplice\/?s={search_term_string}\"},\"query-input\":{\"@type\":\"PropertyValueSpecification\",\"valueRequired\":true,\"valueName\":\"search_term_string\"}}],\"inLanguage\":\"cs\"},{\"@type\":\"Organization\",\"@id\":\"https:\/\/www.participativni-rozpocet.cz\/kaplice\/#organization\",\"name\":\"Tvo\u0159\u00edme kaplicko\",\"url\":\"https:\/\/www.participativni-rozpocet.cz\/kaplice\/\",\"logo\":{\"@type\":\"ImageObject\",\"inLanguage\":\"cs\",\"@id\":\"https:\/\/www.participativni-rozpocet.cz\/kaplice\/#\/schema\/logo\/image\/\",\"url\":\"https:\/\/www.participativni-rozpocet.cz\/kaplice\/wp-content\/uploads\/sites\/63\/2024\/10\/logo_tvorime_kaplicko.svg\",\"contentUrl\":\"https:\/\/www.participativni-rozpocet.cz\/kaplice\/wp-content\/uploads\/sites\/63\/2024\/10\/logo_tvorime_kaplicko.svg\",\"width\":240,\"height\":101,\"caption\":\"Tvo\u0159\u00edme kaplicko\"},\"image\":{\"@id\":\"https:\/\/www.participativni-rozpocet.cz\/kaplice\/#\/schema\/logo\/image\/\"}}]}<\/script>\n<!-- \/ Yoast SEO plugin. -->","yoast_head_json":{"title":"Obnova pam\u00e1tn\u00ed desky na radnici - Tvo\u0159\u00edme kaplicko","robots":{"index":"index","follow":"follow","max-snippet":"max-snippet:-1","max-image-preview":"max-image-preview:large","max-video-preview":"max-video-preview:-1"},"og_locale":"cs_CZ","og_type":"article","og_title":"Obnova pam\u00e1tn\u00ed desky na radnici - Tvo\u0159\u00edme kaplicko","og_description":"Cht\u011bli bychom obnovit pam\u011btn\u00ed desku ve slep\u00e9m okn\u011b v 1. pat\u0159e radnice. B\u00fdval\u00e1 deska vzpom\u00ednala na n\u00e1v\u0161t\u011bvu Franti\u0161ka Josefa I. v Kaplici v roce 1895 v r\u00e1mci vojensk\u00fdch man\u00e9vr\u016f. Deska byla um\u00edst\u011bna v roce 1896 a nev\u00edme, kdy a za jak\u00fdch okolnost\u00ed zmizela.","og_url":"https:\/\/www.participativni-rozpocet.cz\/kaplice\/navrhy\/obnova-pamatni-desky-na-radnici-2\/","og_site_name":"Tvo\u0159\u00edme kaplicko","article_modified_time":"2025-12-19T12:51:51+00:00","og_image":[{"width":1722,"height":1483,"url":"https:\/\/www.participativni-rozpocet.cz\/kaplice\/wp-content\/uploads\/sites\/63\/2025\/11\/radnice-slepe-okno-min.png","type":"image\/png"}],"twitter_card":"summary_large_image","schema":{"@context":"https:\/\/schema.org","@graph":[{"@type":"WebPage","@id":"https:\/\/www.participativni-rozpocet.cz\/kaplice\/navrhy\/obnova-pamatni-desky-na-radnici-2\/","url":"https:\/\/www.participativni-rozpocet.cz\/kaplice\/navrhy\/obnova-pamatni-desky-na-radnici-2\/","name":"Obnova pam\u00e1tn\u00ed desky na radnici - Tvo\u0159\u00edme kaplicko","isPartOf":{"@id":"https:\/\/www.participativni-rozpocet.cz\/kaplice\/#website"},"primaryImageOfPage":{"@id":"https:\/\/www.participativni-rozpocet.cz\/kaplice\/navrhy\/obnova-pamatni-desky-na-radnici-2\/#primaryimage"},"image":{"@id":"https:\/\/www.participativni-rozpocet.cz\/kaplice\/navrhy\/obnova-pamatni-desky-na-radnici-2\/#primaryimage"},"thumbnailUrl":"https:\/\/www.participativni-rozpocet.cz\/kaplice\/wp-content\/uploads\/sites\/63\/2025\/11\/radnice-slepe-okno-min.png","datePublished":"2025-11-26T06:31:48+00:00","dateModified":"2025-12-19T12:51:51+00:00","breadcrumb":{"@id":"https:\/\/www.participativni-rozpocet.cz\/kaplice\/navrhy\/obnova-pamatni-desky-na-radnici-2\/#breadcrumb"},"inLanguage":"cs","potentialAction":[{"@type":"ReadAction","target":["https:\/\/www.participativni-rozpocet.cz\/kaplice\/navrhy\/obnova-pamatni-desky-na-radnici-2\/"]}]},{"@type":"ImageObject","inLanguage":"cs","@id":"https:\/\/www.participativni-rozpocet.cz\/kaplice\/navrhy\/obnova-pamatni-desky-na-radnici-2\/#primaryimage","url":"https:\/\/www.participativni-rozpocet.cz\/kaplice\/wp-content\/uploads\/sites\/63\/2025\/11\/radnice-slepe-okno-min.png","contentUrl":"https:\/\/www.participativni-rozpocet.cz\/kaplice\/wp-content\/uploads\/sites\/63\/2025\/11\/radnice-slepe-okno-min.png","width":1722,"height":1483},{"@type":"BreadcrumbList","@id":"https:\/\/www.participativni-rozpocet.cz\/kaplice\/navrhy\/obnova-pamatni-desky-na-radnici-2\/#breadcrumb","itemListElement":[{"@type":"ListItem","position":1,"name":"Dom\u016f","item":"https:\/\/www.participativni-rozpocet.cz\/kaplice\/"},{"@type":"ListItem","position":2,"name":"N\u00e1vrhy","item":"https:\/\/www.participativni-rozpocet.cz\/kaplice\/navrhy\/"},{"@type":"ListItem","position":3,"name":"Obnova pam\u00e1tn\u00ed desky na radnici"}]},{"@type":"WebSite","@id":"https:\/\/www.participativni-rozpocet.cz\/kaplice\/#website","url":"https:\/\/www.participativni-rozpocet.cz\/kaplice\/","name":"Tvo\u0159\u00edme kaplicko","description":"Participativn\u00ed rozpo\u010det","publisher":{"@id":"https:\/\/www.participativni-rozpocet.cz\/kaplice\/#organization"},"potentialAction":[{"@type":"SearchAction","target":{"@type":"EntryPoint","urlTemplate":"https:\/\/www.participativni-rozpocet.cz\/kaplice\/?s={search_term_string}"},"query-input":{"@type":"PropertyValueSpecification","valueRequired":true,"valueName":"search_term_string"}}],"inLanguage":"cs"},{"@type":"Organization","@id":"https:\/\/www.participativni-rozpocet.cz\/kaplice\/#organization","name":"Tvo\u0159\u00edme kaplicko","url":"https:\/\/www.participativni-rozpocet.cz\/kaplice\/","logo":{"@type":"ImageObject","inLanguage":"cs","@id":"https:\/\/www.participativni-rozpocet.cz\/kaplice\/#\/schema\/logo\/image\/","url":"https:\/\/www.participativni-rozpocet.cz\/kaplice\/wp-content\/uploads\/sites\/63\/2024\/10\/logo_tvorime_kaplicko.svg","contentUrl":"https:\/\/www.participativni-rozpocet.cz\/kaplice\/wp-content\/uploads\/sites\/63\/2024\/10\/logo_tvorime_kaplicko.svg","width":240,"height":101,"caption":"Tvo\u0159\u00edme kaplicko"},"image":{"@id":"https:\/\/www.participativni-rozpocet.cz\/kaplice\/#\/schema\/logo\/image\/"}}]}},"_links":{"self":[{"href":"https:\/\/www.participativni-rozpocet.cz\/kaplice\/wp-json\/wp\/v2\/navrhy\/7803","targetHints":{"allow":["GET"]}}],"collection":[{"href":"https:\/\/www.participativni-rozpocet.cz\/kaplice\/wp-json\/wp\/v2\/navrhy"}],"about":[{"href":"https:\/\/www.participativni-rozpocet.cz\/kaplice\/wp-json\/wp\/v2\/types\/navrhy"}],"replies":[{"embeddable":true,"href":"https:\/\/www.participativni-rozpocet.cz\/kaplice\/wp-json\/wp\/v2\/comments?post=7803"}],"wp:featuredmedia":[{"embeddable":true,"href":"https:\/\/www.participativni-rozpocet.cz\/kaplice\/wp-json\/wp\/v2\/media\/7802"}],"wp:attachment":[{"href":"https:\/\/www.participativni-rozpocet.cz\/kaplice\/wp-json\/wp\/v2\/media?parent=7803"}],"wp:term":[{"taxonomy":"status_navrhu","embeddable":true,"href":"https:\/\/www.participativni-rozpocet.cz\/kaplice\/wp-json\/wp\/v2\/status_navrhu?post=7803"},{"taxonomy":"rocnik","embeddable":true,"href":"https:\/\/www.participativni-rozpocet.cz\/kaplice\/wp-json\/wp\/v2\/rocnik?post=7803"}],"curies":[{"name":"wp","href":"https:\/\/api.w.org\/{rel}","templated":true}]}}

Obnova památní desky na radnici

<!-- This site is optimized with the Yoast SEO plugin v24.2 - https://yoast.com/wordpress/plugins/seo/ -->
<title>Obnova památní desky na radnici - Tvoříme kaplicko</title>
<meta name="robots" content="index, follow, max-snippet:-1, max-image-preview:large, max-video-preview:-1" />
<meta property="og:locale" content="cs_CZ" />
<meta property="og:type" content="article" />
<meta property="og:title" content="Obnova památní desky na radnici - Tvoříme kaplicko" />
<meta property="og:description" content="Chtěli bychom obnovit pamětní desku ve slepém okně v 1. patře radnice. Bývalá deska vzpomínala na návštěvu Františka Josefa I. v Kaplici v roce 1895 v rámci vojenských manévrů. Deska byla umístěna v roce 1896 a nevíme, kdy a za jakých okolností zmizela." />
<meta property="og:url" content="https://www.participativni-rozpocet.cz/kaplice/navrhy/obnova-pamatni-desky-na-radnici-2/" />
<meta property="og:site_name" content="Tvoříme kaplicko" />
<meta property="article:modified_time" content="2025-12-19T12:51:51+00:00" />
<meta property="og:image" content="https://www.participativni-rozpocet.cz/kaplice/wp-content/uploads/sites/63/2025/11/radnice-slepe-okno-min.png" />
	<meta property="og:image:width" content="1722" />
	<meta property="og:image:height" content="1483" />
	<meta property="og:image:type" content="image/png" />
<meta name="twitter:card" content="summary_large_image" />
<script type="application/ld+json" class="yoast-schema-graph">{"@context":"https://schema.org","@graph":[{"@type":"WebPage","@id":"https://www.participativni-rozpocet.cz/kaplice/navrhy/obnova-pamatni-desky-na-radnici-2/","url":"https://www.participativni-rozpocet.cz/kaplice/navrhy/obnova-pamatni-desky-na-radnici-2/","name":"Obnova památní desky na radnici - Tvoříme kaplicko","isPartOf":{"@id":"https://www.participativni-rozpocet.cz/kaplice/#website"},"primaryImageOfPage":{"@id":"https://www.participativni-rozpocet.cz/kaplice/navrhy/obnova-pamatni-desky-na-radnici-2/#primaryimage"},"image":{"@id":"https://www.participativni-rozpocet.cz/kaplice/navrhy/obnova-pamatni-desky-na-radnici-2/#primaryimage"},"thumbnailUrl":"https://www.participativni-rozpocet.cz/kaplice/wp-content/uploads/sites/63/2025/11/radnice-slepe-okno-min.png","datePublished":"2025-11-26T06:31:48+00:00","dateModified":"2025-12-19T12:51:51+00:00","breadcrumb":{"@id":"https://www.participativni-rozpocet.cz/kaplice/navrhy/obnova-pamatni-desky-na-radnici-2/#breadcrumb"},"inLanguage":"cs","potentialAction":[{"@type":"ReadAction","target":["https://www.participativni-rozpocet.cz/kaplice/navrhy/obnova-pamatni-desky-na-radnici-2/"]}]},{"@type":"ImageObject","inLanguage":"cs","@id":"https://www.participativni-rozpocet.cz/kaplice/navrhy/obnova-pamatni-desky-na-radnici-2/#primaryimage","url":"https://www.participativni-rozpocet.cz/kaplice/wp-content/uploads/sites/63/2025/11/radnice-slepe-okno-min.png","contentUrl":"https://www.participativni-rozpocet.cz/kaplice/wp-content/uploads/sites/63/2025/11/radnice-slepe-okno-min.png","width":1722,"height":1483},{"@type":"BreadcrumbList","@id":"https://www.participativni-rozpocet.cz/kaplice/navrhy/obnova-pamatni-desky-na-radnici-2/#breadcrumb","itemListElement":[{"@type":"ListItem","position":1,"name":"Domů","item":"https://www.participativni-rozpocet.cz/kaplice/"},{"@type":"ListItem","position":2,"name":"Návrhy","item":"https://www.participativni-rozpocet.cz/kaplice/navrhy/"},{"@type":"ListItem","position":3,"name":"Obnova památní desky na radnici"}]},{"@type":"WebSite","@id":"https://www.participativni-rozpocet.cz/kaplice/#website","url":"https://www.participativni-rozpocet.cz/kaplice/","name":"Tvoříme kaplicko","description":"Participativní rozpočet","publisher":{"@id":"https://www.participativni-rozpocet.cz/kaplice/#organization"},"potentialAction":[{"@type":"SearchAction","target":{"@type":"EntryPoint","urlTemplate":"https://www.participativni-rozpocet.cz/kaplice/?s={search_term_string}"},"query-input":{"@type":"PropertyValueSpecification","valueRequired":true,"valueName":"search_term_string"}}],"inLanguage":"cs"},{"@type":"Organization","@id":"https://www.participativni-rozpocet.cz/kaplice/#organization","name":"Tvoříme kaplicko","url":"https://www.participativni-rozpocet.cz/kaplice/","logo":{"@type":"ImageObject","inLanguage":"cs","@id":"https://www.participativni-rozpocet.cz/kaplice/#/schema/logo/image/","url":"https://www.participativni-rozpocet.cz/kaplice/wp-content/uploads/sites/63/2024/10/logo_tvorime_kaplicko.svg","contentUrl":"https://www.participativni-rozpocet.cz/kaplice/wp-content/uploads/sites/63/2024/10/logo_tvorime_kaplicko.svg","width":240,"height":101,"caption":"Tvoříme kaplicko"},"image":{"@id":"https://www.participativni-rozpocet.cz/kaplice/#/schema/logo/image/"}}]}</script>
<!-- / Yoast SEO plugin. -->

Obnova památní desky na radnici - Tvoříme kaplicko

Chtěli bychom obnovit pamětní desku ve slepém okně v 1. patře radnice. Bývalá deska vzpomínala na návštěvu Františka Josefa I. v Kaplici v roce 1895 v rámci vojenských manévrů. Deska byla umístěna v roce 1896 a nevíme, kdy a za jakých okolností zmizela.

Tvoříme kaplicko

Domů

Návrhy

Participativní rozpočet
