{"id":7953,"date":"2023-07-03T17:18:02","date_gmt":"2023-07-03T15:18:02","guid":{"rendered":"https:\/\/www.participativni-rozpocet.cz\/ceskybrod\/?post_type=m-chart&#038;p=7953"},"modified":"2023-07-03T17:18:56","modified_gmt":"2023-07-03T15:18:56","slug":"jaky-je-vas-vek-2","status":"publish","type":"m-chart","link":"https:\/\/www.participativni-rozpocet.cz\/ceskybrod\/chart\/jaky-je-vas-vek-2\/","title":{"rendered":"Jak\u00fd je V\u00e1\u0161 v\u011bk?"},"excerpt":{"rendered":"","protected":false},"author":208,"comment_status":"open","ping_status":"closed","template":"","categories":[],"tags":[],"class_list":["post-7953","m-chart","type-m-chart","status-publish","has-post-thumbnail","hentry","m-chart-library-highcharts"],"acf":[],"yoast_head":"<!-- This site is optimized with the Yoast SEO plugin v24.2 - https:\/\/yoast.com\/wordpress\/plugins\/seo\/ -->\n<title>Jak\u00fd je V\u00e1\u0161 v\u011bk? - \u010cesk\u00fd Brod - Bro\u010f\u00e1ci Brodu<\/title>\n<meta name=\"robots\" content=\"index, follow, max-snippet:-1, max-image-preview:large, max-video-preview:-1\" \/>\n<meta property=\"og:locale\" content=\"cs_CZ\" \/>\n<meta property=\"og:type\" content=\"article\" \/>\n<meta property=\"og:title\" content=\"Jak\u00fd je V\u00e1\u0161 v\u011bk? - \u010cesk\u00fd Brod - Bro\u010f\u00e1ci Brodu\" \/>\n<meta property=\"og:url\" content=\"https:\/\/www.participativni-rozpocet.cz\/ceskybrod\/chart\/jaky-je-vas-vek-2\/\" \/>\n<meta property=\"og:site_name\" content=\"\u010cesk\u00fd Brod - Bro\u010f\u00e1ci Brodu\" \/>\n<meta property=\"article:modified_time\" content=\"2023-07-03T15:18:56+00:00\" \/>\n<meta property=\"og:image\" content=\"https:\/\/www.participativni-rozpocet.cz\/ceskybrod\/wp-content\/uploads\/sites\/44\/2023\/07\/jaky-je-vas-vek-7953-1.png\" \/>\n\t<meta property=\"og:image:width\" content=\"1200\" \/>\n\t<meta property=\"og:image:height\" content=\"800\" \/>\n\t<meta property=\"og:image:type\" content=\"image\/png\" \/>\n<meta name=\"twitter:card\" content=\"summary_large_image\" \/>\n<script type=\"application\/ld+json\" class=\"yoast-schema-graph\">{\"@context\":\"https:\/\/schema.org\",\"@graph\":[{\"@type\":\"WebPage\",\"@id\":\"https:\/\/www.participativni-rozpocet.cz\/ceskybrod\/chart\/jaky-je-vas-vek-2\/\",\"url\":\"https:\/\/www.participativni-rozpocet.cz\/ceskybrod\/chart\/jaky-je-vas-vek-2\/\",\"name\":\"Jak\u00fd je V\u00e1\u0161 v\u011bk? - \u010cesk\u00fd Brod - Bro\u010f\u00e1ci Brodu\",\"isPartOf\":{\"@id\":\"https:\/\/www.participativni-rozpocet.cz\/ceskybrod\/#website\"},\"primaryImageOfPage\":{\"@id\":\"https:\/\/www.participativni-rozpocet.cz\/ceskybrod\/chart\/jaky-je-vas-vek-2\/#primaryimage\"},\"image\":{\"@id\":\"https:\/\/www.participativni-rozpocet.cz\/ceskybrod\/chart\/jaky-je-vas-vek-2\/#primaryimage\"},\"thumbnailUrl\":\"https:\/\/www.participativni-rozpocet.cz\/ceskybrod\/wp-content\/uploads\/sites\/44\/2023\/07\/jaky-je-vas-vek-7953-1.png\",\"datePublished\":\"2023-07-03T15:18:02+00:00\",\"dateModified\":\"2023-07-03T15:18:56+00:00\",\"breadcrumb\":{\"@id\":\"https:\/\/www.participativni-rozpocet.cz\/ceskybrod\/chart\/jaky-je-vas-vek-2\/#breadcrumb\"},\"inLanguage\":\"cs\",\"potentialAction\":[{\"@type\":\"ReadAction\",\"target\":[\"https:\/\/www.participativni-rozpocet.cz\/ceskybrod\/chart\/jaky-je-vas-vek-2\/\"]}]},{\"@type\":\"ImageObject\",\"inLanguage\":\"cs\",\"@id\":\"https:\/\/www.participativni-rozpocet.cz\/ceskybrod\/chart\/jaky-je-vas-vek-2\/#primaryimage\",\"url\":\"https:\/\/www.participativni-rozpocet.cz\/ceskybrod\/wp-content\/uploads\/sites\/44\/2023\/07\/jaky-je-vas-vek-7953-1.png\",\"contentUrl\":\"https:\/\/www.participativni-rozpocet.cz\/ceskybrod\/wp-content\/uploads\/sites\/44\/2023\/07\/jaky-je-vas-vek-7953-1.png\",\"width\":1200,\"height\":800},{\"@type\":\"BreadcrumbList\",\"@id\":\"https:\/\/www.participativni-rozpocet.cz\/ceskybrod\/chart\/jaky-je-vas-vek-2\/#breadcrumb\",\"itemListElement\":[{\"@type\":\"ListItem\",\"position\":1,\"name\":\"Dom\u016f\",\"item\":\"https:\/\/www.participativni-rozpocet.cz\/ceskybrod\/\"},{\"@type\":\"ListItem\",\"position\":2,\"name\":\"Charts\",\"item\":\"https:\/\/www.participativni-rozpocet.cz\/ceskybrod\/charts\/\"},{\"@type\":\"ListItem\",\"position\":3,\"name\":\"Jak\u00fd je V\u00e1\u0161 v\u011bk?\"}]},{\"@type\":\"WebSite\",\"@id\":\"https:\/\/www.participativni-rozpocet.cz\/ceskybrod\/#website\",\"url\":\"https:\/\/www.participativni-rozpocet.cz\/ceskybrod\/\",\"name\":\"\u010cesk\u00fd Brod - Bro\u010f\u00e1ci Brodu\",\"description\":\"str\u00e1nka p\u0159edstavuje participativn\u00ed rozpo\u010det m\u011bsta \u010cesk\u00fd Brod a umo\u017e\u0148uje p\u0159in\u00e9st vlastn\u00ed n\u00e1vrh, sezn\u00e1mit se s n\u00e1vrhy ostatn\u00edch obyvatel \u010di o nich hlasovat.\",\"publisher\":{\"@id\":\"https:\/\/www.participativni-rozpocet.cz\/ceskybrod\/#organization\"},\"potentialAction\":[{\"@type\":\"SearchAction\",\"target\":{\"@type\":\"EntryPoint\",\"urlTemplate\":\"https:\/\/www.participativni-rozpocet.cz\/ceskybrod\/?s={search_term_string}\"},\"query-input\":{\"@type\":\"PropertyValueSpecification\",\"valueRequired\":true,\"valueName\":\"search_term_string\"}}],\"inLanguage\":\"cs\"},{\"@type\":\"Organization\",\"@id\":\"https:\/\/www.participativni-rozpocet.cz\/ceskybrod\/#organization\",\"name\":\"\u010cesk\u00fd Brod - Bro\u010f\u00e1ci Brodu\",\"url\":\"https:\/\/www.participativni-rozpocet.cz\/ceskybrod\/\",\"logo\":{\"@type\":\"ImageObject\",\"inLanguage\":\"cs\",\"@id\":\"https:\/\/www.participativni-rozpocet.cz\/ceskybrod\/#\/schema\/logo\/image\/\",\"url\":\"https:\/\/www.participativni-rozpocet.cz\/ceskybrod\/wp-content\/uploads\/sites\/44\/2020\/12\/logo_header-3.png\",\"contentUrl\":\"https:\/\/www.participativni-rozpocet.cz\/ceskybrod\/wp-content\/uploads\/sites\/44\/2020\/12\/logo_header-3.png\",\"width\":433,\"height\":200,\"caption\":\"\u010cesk\u00fd Brod - Bro\u010f\u00e1ci Brodu\"},\"image\":{\"@id\":\"https:\/\/www.participativni-rozpocet.cz\/ceskybrod\/#\/schema\/logo\/image\/\"}}]}<\/script>\n<!-- \/ Yoast SEO plugin. -->","yoast_head_json":{"title":"Jak\u00fd je V\u00e1\u0161 v\u011bk? - \u010cesk\u00fd Brod - Bro\u010f\u00e1ci Brodu","robots":{"index":"index","follow":"follow","max-snippet":"max-snippet:-1","max-image-preview":"max-image-preview:large","max-video-preview":"max-video-preview:-1"},"og_locale":"cs_CZ","og_type":"article","og_title":"Jak\u00fd je V\u00e1\u0161 v\u011bk? - \u010cesk\u00fd Brod - Bro\u010f\u00e1ci Brodu","og_url":"https:\/\/www.participativni-rozpocet.cz\/ceskybrod\/chart\/jaky-je-vas-vek-2\/","og_site_name":"\u010cesk\u00fd Brod - Bro\u010f\u00e1ci Brodu","article_modified_time":"2023-07-03T15:18:56+00:00","og_image":[{"width":1200,"height":800,"url":"https:\/\/www.participativni-rozpocet.cz\/ceskybrod\/wp-content\/uploads\/sites\/44\/2023\/07\/jaky-je-vas-vek-7953-1.png","type":"image\/png"}],"twitter_card":"summary_large_image","schema":{"@context":"https:\/\/schema.org","@graph":[{"@type":"WebPage","@id":"https:\/\/www.participativni-rozpocet.cz\/ceskybrod\/chart\/jaky-je-vas-vek-2\/","url":"https:\/\/www.participativni-rozpocet.cz\/ceskybrod\/chart\/jaky-je-vas-vek-2\/","name":"Jak\u00fd je V\u00e1\u0161 v\u011bk? - \u010cesk\u00fd Brod - Bro\u010f\u00e1ci Brodu","isPartOf":{"@id":"https:\/\/www.participativni-rozpocet.cz\/ceskybrod\/#website"},"primaryImageOfPage":{"@id":"https:\/\/www.participativni-rozpocet.cz\/ceskybrod\/chart\/jaky-je-vas-vek-2\/#primaryimage"},"image":{"@id":"https:\/\/www.participativni-rozpocet.cz\/ceskybrod\/chart\/jaky-je-vas-vek-2\/#primaryimage"},"thumbnailUrl":"https:\/\/www.participativni-rozpocet.cz\/ceskybrod\/wp-content\/uploads\/sites\/44\/2023\/07\/jaky-je-vas-vek-7953-1.png","datePublished":"2023-07-03T15:18:02+00:00","dateModified":"2023-07-03T15:18:56+00:00","breadcrumb":{"@id":"https:\/\/www.participativni-rozpocet.cz\/ceskybrod\/chart\/jaky-je-vas-vek-2\/#breadcrumb"},"inLanguage":"cs","potentialAction":[{"@type":"ReadAction","target":["https:\/\/www.participativni-rozpocet.cz\/ceskybrod\/chart\/jaky-je-vas-vek-2\/"]}]},{"@type":"ImageObject","inLanguage":"cs","@id":"https:\/\/www.participativni-rozpocet.cz\/ceskybrod\/chart\/jaky-je-vas-vek-2\/#primaryimage","url":"https:\/\/www.participativni-rozpocet.cz\/ceskybrod\/wp-content\/uploads\/sites\/44\/2023\/07\/jaky-je-vas-vek-7953-1.png","contentUrl":"https:\/\/www.participativni-rozpocet.cz\/ceskybrod\/wp-content\/uploads\/sites\/44\/2023\/07\/jaky-je-vas-vek-7953-1.png","width":1200,"height":800},{"@type":"BreadcrumbList","@id":"https:\/\/www.participativni-rozpocet.cz\/ceskybrod\/chart\/jaky-je-vas-vek-2\/#breadcrumb","itemListElement":[{"@type":"ListItem","position":1,"name":"Dom\u016f","item":"https:\/\/www.participativni-rozpocet.cz\/ceskybrod\/"},{"@type":"ListItem","position":2,"name":"Charts","item":"https:\/\/www.participativni-rozpocet.cz\/ceskybrod\/charts\/"},{"@type":"ListItem","position":3,"name":"Jak\u00fd je V\u00e1\u0161 v\u011bk?"}]},{"@type":"WebSite","@id":"https:\/\/www.participativni-rozpocet.cz\/ceskybrod\/#website","url":"https:\/\/www.participativni-rozpocet.cz\/ceskybrod\/","name":"\u010cesk\u00fd Brod - Bro\u010f\u00e1ci Brodu","description":"str\u00e1nka p\u0159edstavuje participativn\u00ed rozpo\u010det m\u011bsta \u010cesk\u00fd Brod a umo\u017e\u0148uje p\u0159in\u00e9st vlastn\u00ed n\u00e1vrh, sezn\u00e1mit se s n\u00e1vrhy ostatn\u00edch obyvatel \u010di o nich hlasovat.","publisher":{"@id":"https:\/\/www.participativni-rozpocet.cz\/ceskybrod\/#organization"},"potentialAction":[{"@type":"SearchAction","target":{"@type":"EntryPoint","urlTemplate":"https:\/\/www.participativni-rozpocet.cz\/ceskybrod\/?s={search_term_string}"},"query-input":{"@type":"PropertyValueSpecification","valueRequired":true,"valueName":"search_term_string"}}],"inLanguage":"cs"},{"@type":"Organization","@id":"https:\/\/www.participativni-rozpocet.cz\/ceskybrod\/#organization","name":"\u010cesk\u00fd Brod - Bro\u010f\u00e1ci Brodu","url":"https:\/\/www.participativni-rozpocet.cz\/ceskybrod\/","logo":{"@type":"ImageObject","inLanguage":"cs","@id":"https:\/\/www.participativni-rozpocet.cz\/ceskybrod\/#\/schema\/logo\/image\/","url":"https:\/\/www.participativni-rozpocet.cz\/ceskybrod\/wp-content\/uploads\/sites\/44\/2020\/12\/logo_header-3.png","contentUrl":"https:\/\/www.participativni-rozpocet.cz\/ceskybrod\/wp-content\/uploads\/sites\/44\/2020\/12\/logo_header-3.png","width":433,"height":200,"caption":"\u010cesk\u00fd Brod - Bro\u010f\u00e1ci Brodu"},"image":{"@id":"https:\/\/www.participativni-rozpocet.cz\/ceskybrod\/#\/schema\/logo\/image\/"}}]}},"_links":{"self":[{"href":"https:\/\/www.participativni-rozpocet.cz\/ceskybrod\/wp-json\/wp\/v2\/m-chart\/7953","targetHints":{"allow":["GET"]}}],"collection":[{"href":"https:\/\/www.participativni-rozpocet.cz\/ceskybrod\/wp-json\/wp\/v2\/m-chart"}],"about":[{"href":"https:\/\/www.participativni-rozpocet.cz\/ceskybrod\/wp-json\/wp\/v2\/types\/m-chart"}],"author":[{"embeddable":true,"href":"https:\/\/www.participativni-rozpocet.cz\/ceskybrod\/wp-json\/wp\/v2\/users\/208"}],"replies":[{"embeddable":true,"href":"https:\/\/www.participativni-rozpocet.cz\/ceskybrod\/wp-json\/wp\/v2\/comments?post=7953"}],"wp:featuredmedia":[{"embeddable":true,"href":"https:\/\/www.participativni-rozpocet.cz\/ceskybrod\/wp-json\/wp\/v2\/media\/7955"}],"wp:attachment":[{"href":"https:\/\/www.participativni-rozpocet.cz\/ceskybrod\/wp-json\/wp\/v2\/media?parent=7953"}],"wp:term":[{"taxonomy":"category","embeddable":true,"href":"https:\/\/www.participativni-rozpocet.cz\/ceskybrod\/wp-json\/wp\/v2\/categories?post=7953"},{"taxonomy":"post_tag","embeddable":true,"href":"https:\/\/www.participativni-rozpocet.cz\/ceskybrod\/wp-json\/wp\/v2\/tags?post=7953"}],"curies":[{"name":"wp","href":"https:\/\/api.w.org\/{rel}","templated":true}]}}

Jaký je Váš věk?

<!-- This site is optimized with the Yoast SEO plugin v24.2 - https://yoast.com/wordpress/plugins/seo/ -->
<title>Jaký je Váš věk? - Český Brod - Broďáci Brodu</title>
<meta name="robots" content="index, follow, max-snippet:-1, max-image-preview:large, max-video-preview:-1" />
<meta property="og:locale" content="cs_CZ" />
<meta property="og:type" content="article" />
<meta property="og:title" content="Jaký je Váš věk? - Český Brod - Broďáci Brodu" />
<meta property="og:url" content="https://www.participativni-rozpocet.cz/ceskybrod/chart/jaky-je-vas-vek-2/" />
<meta property="og:site_name" content="Český Brod - Broďáci Brodu" />
<meta property="article:modified_time" content="2023-07-03T15:18:56+00:00" />
<meta property="og:image" content="https://www.participativni-rozpocet.cz/ceskybrod/wp-content/uploads/sites/44/2023/07/jaky-je-vas-vek-7953-1.png" />
	<meta property="og:image:width" content="1200" />
	<meta property="og:image:height" content="800" />
	<meta property="og:image:type" content="image/png" />
<meta name="twitter:card" content="summary_large_image" />
<script type="application/ld+json" class="yoast-schema-graph">{"@context":"https://schema.org","@graph":[{"@type":"WebPage","@id":"https://www.participativni-rozpocet.cz/ceskybrod/chart/jaky-je-vas-vek-2/","url":"https://www.participativni-rozpocet.cz/ceskybrod/chart/jaky-je-vas-vek-2/","name":"Jaký je Váš věk? - Český Brod - Broďáci Brodu","isPartOf":{"@id":"https://www.participativni-rozpocet.cz/ceskybrod/#website"},"primaryImageOfPage":{"@id":"https://www.participativni-rozpocet.cz/ceskybrod/chart/jaky-je-vas-vek-2/#primaryimage"},"image":{"@id":"https://www.participativni-rozpocet.cz/ceskybrod/chart/jaky-je-vas-vek-2/#primaryimage"},"thumbnailUrl":"https://www.participativni-rozpocet.cz/ceskybrod/wp-content/uploads/sites/44/2023/07/jaky-je-vas-vek-7953-1.png","datePublished":"2023-07-03T15:18:02+00:00","dateModified":"2023-07-03T15:18:56+00:00","breadcrumb":{"@id":"https://www.participativni-rozpocet.cz/ceskybrod/chart/jaky-je-vas-vek-2/#breadcrumb"},"inLanguage":"cs","potentialAction":[{"@type":"ReadAction","target":["https://www.participativni-rozpocet.cz/ceskybrod/chart/jaky-je-vas-vek-2/"]}]},{"@type":"ImageObject","inLanguage":"cs","@id":"https://www.participativni-rozpocet.cz/ceskybrod/chart/jaky-je-vas-vek-2/#primaryimage","url":"https://www.participativni-rozpocet.cz/ceskybrod/wp-content/uploads/sites/44/2023/07/jaky-je-vas-vek-7953-1.png","contentUrl":"https://www.participativni-rozpocet.cz/ceskybrod/wp-content/uploads/sites/44/2023/07/jaky-je-vas-vek-7953-1.png","width":1200,"height":800},{"@type":"BreadcrumbList","@id":"https://www.participativni-rozpocet.cz/ceskybrod/chart/jaky-je-vas-vek-2/#breadcrumb","itemListElement":[{"@type":"ListItem","position":1,"name":"Domů","item":"https://www.participativni-rozpocet.cz/ceskybrod/"},{"@type":"ListItem","position":2,"name":"Charts","item":"https://www.participativni-rozpocet.cz/ceskybrod/charts/"},{"@type":"ListItem","position":3,"name":"Jaký je Váš věk?"}]},{"@type":"WebSite","@id":"https://www.participativni-rozpocet.cz/ceskybrod/#website","url":"https://www.participativni-rozpocet.cz/ceskybrod/","name":"Český Brod - Broďáci Brodu","description":"stránka představuje participativní rozpočet města Český Brod a umožňuje přinést vlastní návrh, seznámit se s návrhy ostatních obyvatel či o nich hlasovat.","publisher":{"@id":"https://www.participativni-rozpocet.cz/ceskybrod/#organization"},"potentialAction":[{"@type":"SearchAction","target":{"@type":"EntryPoint","urlTemplate":"https://www.participativni-rozpocet.cz/ceskybrod/?s={search_term_string}"},"query-input":{"@type":"PropertyValueSpecification","valueRequired":true,"valueName":"search_term_string"}}],"inLanguage":"cs"},{"@type":"Organization","@id":"https://www.participativni-rozpocet.cz/ceskybrod/#organization","name":"Český Brod - Broďáci Brodu","url":"https://www.participativni-rozpocet.cz/ceskybrod/","logo":{"@type":"ImageObject","inLanguage":"cs","@id":"https://www.participativni-rozpocet.cz/ceskybrod/#/schema/logo/image/","url":"https://www.participativni-rozpocet.cz/ceskybrod/wp-content/uploads/sites/44/2020/12/logo_header-3.png","contentUrl":"https://www.participativni-rozpocet.cz/ceskybrod/wp-content/uploads/sites/44/2020/12/logo_header-3.png","width":433,"height":200,"caption":"Český Brod - Broďáci Brodu"},"image":{"@id":"https://www.participativni-rozpocet.cz/ceskybrod/#/schema/logo/image/"}}]}</script>
<!-- / Yoast SEO plugin. -->

Jaký je Váš věk? - Český Brod - Broďáci Brodu

Český Brod - Broďáci Brodu

Domů

stránka představuje participativní rozpočet města Český Brod a umožňuje přinést vlastní návrh, seznámit se s návrhy ostatních obyvatel či o nich hlasovat.
