{"id":6769,"date":"2021-11-29T13:30:14","date_gmt":"2021-11-29T12:30:14","guid":{"rendered":"https:\/\/www.participativni-rozpocet.cz\/plana\/?post_type=navrhy&#038;p=6769"},"modified":"2023-02-16T14:51:30","modified_gmt":"2023-02-16T13:51:30","slug":"misto-pro-ulozeni-vencu-a-kytic-po-rozlouceni-se-zesnulym","status":"publish","type":"navrhy","link":"http:\/\/www.participativni-rozpocet.cz\/plana\/navrhy\/misto-pro-ulozeni-vencu-a-kytic-po-rozlouceni-se-zesnulym\/","title":{"rendered":"M\u00edsto pro ulo\u017een\u00ed v\u011bnc\u016f a kytic po rozlou\u010den\u00ed se zesnul\u00fdm"},"featured_media":6763,"comment_status":"open","ping_status":"closed","template":"","meta":{"_acf_changed":false},"status_navrhu":[83],"rocnik":[80],"class_list":["post-6769","navrhy","type-navrhy","status-publish","has-post-thumbnail","hentry","status_navrhu-nerealizovane","rocnik-80"],"acf":[],"yoast_head":"<!-- This site is optimized with the Yoast SEO plugin v24.2 - https:\/\/yoast.com\/wordpress\/plugins\/seo\/ -->\n<title>M\u00edsto pro ulo\u017een\u00ed v\u011bnc\u016f a kytic po rozlou\u010den\u00ed se zesnul\u00fdm - N\u00e1pad pro Planou<\/title>\n<meta name=\"robots\" content=\"index, follow, max-snippet:-1, max-image-preview:large, max-video-preview:-1\" \/>\n<meta property=\"og:locale\" content=\"cs_CZ\" \/>\n<meta property=\"og:type\" content=\"article\" \/>\n<meta property=\"og:title\" content=\"M\u00edsto pro ulo\u017een\u00ed v\u011bnc\u016f a kytic po rozlou\u010den\u00ed se zesnul\u00fdm - N\u00e1pad pro Planou\" \/>\n<meta property=\"og:description\" content=\"V sou\u010dasnosti jsou v\u011bnce a kytice odneseny k centr\u00e1ln\u00edmu k\u0159\u00ed\u017ei. \u010casto tam le\u017e\u00ed t\u00fddny a nep\u016fsob\u00ed to p\u011bkn\u011b. Navrhuji je odkl\u00e1dat ke h\u0159bitovn\u00ed zdi pobl\u00ed\u017e kolumb\u00e1ria. Tam by se na ze\u010f um\u00edstila zasklen\u00e1 sk\u0159\u00ed\u0148ka, ve kter\u00e9 by bylo parte zem\u0159el\u00e9ho a pod n\u00ed poli\u010dka pro sv\u00ed\u010dky. Ti, kte\u0159\u00ed se nemohli z\u00fa\u010dastnit ob\u0159adu, tam mohou dodate\u010dn\u011b polo\u017eit kytici a zap\u00e1lit sv\u00ed\u010dku.\" \/>\n<meta property=\"og:url\" content=\"http:\/\/www.participativni-rozpocet.cz\/plana\/navrhy\/misto-pro-ulozeni-vencu-a-kytic-po-rozlouceni-se-zesnulym\/\" \/>\n<meta property=\"og:site_name\" content=\"N\u00e1pad pro Planou\" \/>\n<meta property=\"article:publisher\" content=\"https:\/\/www.facebook.com\/mesto.plana\" \/>\n<meta property=\"article:modified_time\" content=\"2023-02-16T13:51:30+00:00\" \/>\n<meta property=\"og:image\" content=\"http:\/\/www.participativni-rozpocet.cz\/plana\/wp-content\/uploads\/sites\/55\/2021\/11\/zed1.jpg\" \/>\n\t<meta property=\"og:image:width\" content=\"649\" \/>\n\t<meta property=\"og:image:height\" content=\"649\" \/>\n\t<meta property=\"og:image:type\" content=\"image\/jpeg\" \/>\n<meta name=\"twitter:card\" content=\"summary_large_image\" \/>\n<script type=\"application\/ld+json\" class=\"yoast-schema-graph\">{\"@context\":\"https:\/\/schema.org\",\"@graph\":[{\"@type\":\"WebPage\",\"@id\":\"http:\/\/www.participativni-rozpocet.cz\/plana\/navrhy\/misto-pro-ulozeni-vencu-a-kytic-po-rozlouceni-se-zesnulym\/\",\"url\":\"http:\/\/www.participativni-rozpocet.cz\/plana\/navrhy\/misto-pro-ulozeni-vencu-a-kytic-po-rozlouceni-se-zesnulym\/\",\"name\":\"M\u00edsto pro ulo\u017een\u00ed v\u011bnc\u016f a kytic po rozlou\u010den\u00ed se zesnul\u00fdm - N\u00e1pad pro Planou\",\"isPartOf\":{\"@id\":\"https:\/\/www.participativni-rozpocet.cz\/plana\/#website\"},\"primaryImageOfPage\":{\"@id\":\"http:\/\/www.participativni-rozpocet.cz\/plana\/navrhy\/misto-pro-ulozeni-vencu-a-kytic-po-rozlouceni-se-zesnulym\/#primaryimage\"},\"image\":{\"@id\":\"http:\/\/www.participativni-rozpocet.cz\/plana\/navrhy\/misto-pro-ulozeni-vencu-a-kytic-po-rozlouceni-se-zesnulym\/#primaryimage\"},\"thumbnailUrl\":\"http:\/\/www.participativni-rozpocet.cz\/plana\/wp-content\/uploads\/sites\/55\/2021\/11\/zed1.jpg\",\"datePublished\":\"2021-11-29T12:30:14+00:00\",\"dateModified\":\"2023-02-16T13:51:30+00:00\",\"breadcrumb\":{\"@id\":\"http:\/\/www.participativni-rozpocet.cz\/plana\/navrhy\/misto-pro-ulozeni-vencu-a-kytic-po-rozlouceni-se-zesnulym\/#breadcrumb\"},\"inLanguage\":\"cs\",\"potentialAction\":[{\"@type\":\"ReadAction\",\"target\":[\"http:\/\/www.participativni-rozpocet.cz\/plana\/navrhy\/misto-pro-ulozeni-vencu-a-kytic-po-rozlouceni-se-zesnulym\/\"]}]},{\"@type\":\"ImageObject\",\"inLanguage\":\"cs\",\"@id\":\"http:\/\/www.participativni-rozpocet.cz\/plana\/navrhy\/misto-pro-ulozeni-vencu-a-kytic-po-rozlouceni-se-zesnulym\/#primaryimage\",\"url\":\"http:\/\/www.participativni-rozpocet.cz\/plana\/wp-content\/uploads\/sites\/55\/2021\/11\/zed1.jpg\",\"contentUrl\":\"http:\/\/www.participativni-rozpocet.cz\/plana\/wp-content\/uploads\/sites\/55\/2021\/11\/zed1.jpg\",\"width\":649,\"height\":649},{\"@type\":\"BreadcrumbList\",\"@id\":\"http:\/\/www.participativni-rozpocet.cz\/plana\/navrhy\/misto-pro-ulozeni-vencu-a-kytic-po-rozlouceni-se-zesnulym\/#breadcrumb\",\"itemListElement\":[{\"@type\":\"ListItem\",\"position\":1,\"name\":\"Dom\u016f\",\"item\":\"https:\/\/www.participativni-rozpocet.cz\/plana\/\"},{\"@type\":\"ListItem\",\"position\":2,\"name\":\"N\u00e1vrhy\",\"item\":\"http:\/\/www.participativni-rozpocet.cz\/plana\/navrhy\/\"},{\"@type\":\"ListItem\",\"position\":3,\"name\":\"M\u00edsto pro ulo\u017een\u00ed v\u011bnc\u016f a kytic po rozlou\u010den\u00ed se zesnul\u00fdm\"}]},{\"@type\":\"WebSite\",\"@id\":\"https:\/\/www.participativni-rozpocet.cz\/plana\/#website\",\"url\":\"https:\/\/www.participativni-rozpocet.cz\/plana\/\",\"name\":\"N\u00e1pad pro Planou\",\"description\":\"Participativn\u00ed rozpo\u010det m\u011bsta Plan\u00e1\",\"publisher\":{\"@id\":\"https:\/\/www.participativni-rozpocet.cz\/plana\/#organization\"},\"potentialAction\":[{\"@type\":\"SearchAction\",\"target\":{\"@type\":\"EntryPoint\",\"urlTemplate\":\"https:\/\/www.participativni-rozpocet.cz\/plana\/?s={search_term_string}\"},\"query-input\":{\"@type\":\"PropertyValueSpecification\",\"valueRequired\":true,\"valueName\":\"search_term_string\"}}],\"inLanguage\":\"cs\"},{\"@type\":\"Organization\",\"@id\":\"https:\/\/www.participativni-rozpocet.cz\/plana\/#organization\",\"name\":\"N\u00e1pad pro Planou\",\"url\":\"https:\/\/www.participativni-rozpocet.cz\/plana\/\",\"logo\":{\"@type\":\"ImageObject\",\"inLanguage\":\"cs\",\"@id\":\"https:\/\/www.participativni-rozpocet.cz\/plana\/#\/schema\/logo\/image\/\",\"url\":\"http:\/\/www.participativni-rozpocet.cz\/plana\/wp-content\/uploads\/sites\/55\/2021\/10\/logo_header.png\",\"contentUrl\":\"http:\/\/www.participativni-rozpocet.cz\/plana\/wp-content\/uploads\/sites\/55\/2021\/10\/logo_header.png\",\"width\":544,\"height\":200,\"caption\":\"N\u00e1pad pro Planou\"},\"image\":{\"@id\":\"https:\/\/www.participativni-rozpocet.cz\/plana\/#\/schema\/logo\/image\/\"},\"sameAs\":[\"https:\/\/www.facebook.com\/mesto.plana\"]}]}<\/script>\n<!-- \/ Yoast SEO plugin. -->","yoast_head_json":{"title":"M\u00edsto pro ulo\u017een\u00ed v\u011bnc\u016f a kytic po rozlou\u010den\u00ed se zesnul\u00fdm - N\u00e1pad pro Planou","robots":{"index":"index","follow":"follow","max-snippet":"max-snippet:-1","max-image-preview":"max-image-preview:large","max-video-preview":"max-video-preview:-1"},"og_locale":"cs_CZ","og_type":"article","og_title":"M\u00edsto pro ulo\u017een\u00ed v\u011bnc\u016f a kytic po rozlou\u010den\u00ed se zesnul\u00fdm - N\u00e1pad pro Planou","og_description":"V sou\u010dasnosti jsou v\u011bnce a kytice odneseny k centr\u00e1ln\u00edmu k\u0159\u00ed\u017ei. \u010casto tam le\u017e\u00ed t\u00fddny a nep\u016fsob\u00ed to p\u011bkn\u011b. Navrhuji je odkl\u00e1dat ke h\u0159bitovn\u00ed zdi pobl\u00ed\u017e kolumb\u00e1ria. Tam by se na ze\u010f um\u00edstila zasklen\u00e1 sk\u0159\u00ed\u0148ka, ve kter\u00e9 by bylo parte zem\u0159el\u00e9ho a pod n\u00ed poli\u010dka pro sv\u00ed\u010dky. Ti, kte\u0159\u00ed se nemohli z\u00fa\u010dastnit ob\u0159adu, tam mohou dodate\u010dn\u011b polo\u017eit kytici a zap\u00e1lit sv\u00ed\u010dku.","og_url":"http:\/\/www.participativni-rozpocet.cz\/plana\/navrhy\/misto-pro-ulozeni-vencu-a-kytic-po-rozlouceni-se-zesnulym\/","og_site_name":"N\u00e1pad pro Planou","article_publisher":"https:\/\/www.facebook.com\/mesto.plana","article_modified_time":"2023-02-16T13:51:30+00:00","og_image":[{"width":649,"height":649,"url":"http:\/\/www.participativni-rozpocet.cz\/plana\/wp-content\/uploads\/sites\/55\/2021\/11\/zed1.jpg","type":"image\/jpeg"}],"twitter_card":"summary_large_image","schema":{"@context":"https:\/\/schema.org","@graph":[{"@type":"WebPage","@id":"http:\/\/www.participativni-rozpocet.cz\/plana\/navrhy\/misto-pro-ulozeni-vencu-a-kytic-po-rozlouceni-se-zesnulym\/","url":"http:\/\/www.participativni-rozpocet.cz\/plana\/navrhy\/misto-pro-ulozeni-vencu-a-kytic-po-rozlouceni-se-zesnulym\/","name":"M\u00edsto pro ulo\u017een\u00ed v\u011bnc\u016f a kytic po rozlou\u010den\u00ed se zesnul\u00fdm - N\u00e1pad pro Planou","isPartOf":{"@id":"https:\/\/www.participativni-rozpocet.cz\/plana\/#website"},"primaryImageOfPage":{"@id":"http:\/\/www.participativni-rozpocet.cz\/plana\/navrhy\/misto-pro-ulozeni-vencu-a-kytic-po-rozlouceni-se-zesnulym\/#primaryimage"},"image":{"@id":"http:\/\/www.participativni-rozpocet.cz\/plana\/navrhy\/misto-pro-ulozeni-vencu-a-kytic-po-rozlouceni-se-zesnulym\/#primaryimage"},"thumbnailUrl":"http:\/\/www.participativni-rozpocet.cz\/plana\/wp-content\/uploads\/sites\/55\/2021\/11\/zed1.jpg","datePublished":"2021-11-29T12:30:14+00:00","dateModified":"2023-02-16T13:51:30+00:00","breadcrumb":{"@id":"http:\/\/www.participativni-rozpocet.cz\/plana\/navrhy\/misto-pro-ulozeni-vencu-a-kytic-po-rozlouceni-se-zesnulym\/#breadcrumb"},"inLanguage":"cs","potentialAction":[{"@type":"ReadAction","target":["http:\/\/www.participativni-rozpocet.cz\/plana\/navrhy\/misto-pro-ulozeni-vencu-a-kytic-po-rozlouceni-se-zesnulym\/"]}]},{"@type":"ImageObject","inLanguage":"cs","@id":"http:\/\/www.participativni-rozpocet.cz\/plana\/navrhy\/misto-pro-ulozeni-vencu-a-kytic-po-rozlouceni-se-zesnulym\/#primaryimage","url":"http:\/\/www.participativni-rozpocet.cz\/plana\/wp-content\/uploads\/sites\/55\/2021\/11\/zed1.jpg","contentUrl":"http:\/\/www.participativni-rozpocet.cz\/plana\/wp-content\/uploads\/sites\/55\/2021\/11\/zed1.jpg","width":649,"height":649},{"@type":"BreadcrumbList","@id":"http:\/\/www.participativni-rozpocet.cz\/plana\/navrhy\/misto-pro-ulozeni-vencu-a-kytic-po-rozlouceni-se-zesnulym\/#breadcrumb","itemListElement":[{"@type":"ListItem","position":1,"name":"Dom\u016f","item":"https:\/\/www.participativni-rozpocet.cz\/plana\/"},{"@type":"ListItem","position":2,"name":"N\u00e1vrhy","item":"http:\/\/www.participativni-rozpocet.cz\/plana\/navrhy\/"},{"@type":"ListItem","position":3,"name":"M\u00edsto pro ulo\u017een\u00ed v\u011bnc\u016f a kytic po rozlou\u010den\u00ed se zesnul\u00fdm"}]},{"@type":"WebSite","@id":"https:\/\/www.participativni-rozpocet.cz\/plana\/#website","url":"https:\/\/www.participativni-rozpocet.cz\/plana\/","name":"N\u00e1pad pro Planou","description":"Participativn\u00ed rozpo\u010det m\u011bsta Plan\u00e1","publisher":{"@id":"https:\/\/www.participativni-rozpocet.cz\/plana\/#organization"},"potentialAction":[{"@type":"SearchAction","target":{"@type":"EntryPoint","urlTemplate":"https:\/\/www.participativni-rozpocet.cz\/plana\/?s={search_term_string}"},"query-input":{"@type":"PropertyValueSpecification","valueRequired":true,"valueName":"search_term_string"}}],"inLanguage":"cs"},{"@type":"Organization","@id":"https:\/\/www.participativni-rozpocet.cz\/plana\/#organization","name":"N\u00e1pad pro Planou","url":"https:\/\/www.participativni-rozpocet.cz\/plana\/","logo":{"@type":"ImageObject","inLanguage":"cs","@id":"https:\/\/www.participativni-rozpocet.cz\/plana\/#\/schema\/logo\/image\/","url":"http:\/\/www.participativni-rozpocet.cz\/plana\/wp-content\/uploads\/sites\/55\/2021\/10\/logo_header.png","contentUrl":"http:\/\/www.participativni-rozpocet.cz\/plana\/wp-content\/uploads\/sites\/55\/2021\/10\/logo_header.png","width":544,"height":200,"caption":"N\u00e1pad pro Planou"},"image":{"@id":"https:\/\/www.participativni-rozpocet.cz\/plana\/#\/schema\/logo\/image\/"},"sameAs":["https:\/\/www.facebook.com\/mesto.plana"]}]}},"_links":{"self":[{"href":"http:\/\/www.participativni-rozpocet.cz\/plana\/wp-json\/wp\/v2\/navrhy\/6769","targetHints":{"allow":["GET"]}}],"collection":[{"href":"http:\/\/www.participativni-rozpocet.cz\/plana\/wp-json\/wp\/v2\/navrhy"}],"about":[{"href":"http:\/\/www.participativni-rozpocet.cz\/plana\/wp-json\/wp\/v2\/types\/navrhy"}],"replies":[{"embeddable":true,"href":"http:\/\/www.participativni-rozpocet.cz\/plana\/wp-json\/wp\/v2\/comments?post=6769"}],"wp:featuredmedia":[{"embeddable":true,"href":"http:\/\/www.participativni-rozpocet.cz\/plana\/wp-json\/wp\/v2\/media\/6763"}],"wp:attachment":[{"href":"http:\/\/www.participativni-rozpocet.cz\/plana\/wp-json\/wp\/v2\/media?parent=6769"}],"wp:term":[{"taxonomy":"status_navrhu","embeddable":true,"href":"http:\/\/www.participativni-rozpocet.cz\/plana\/wp-json\/wp\/v2\/status_navrhu?post=6769"},{"taxonomy":"rocnik","embeddable":true,"href":"http:\/\/www.participativni-rozpocet.cz\/plana\/wp-json\/wp\/v2\/rocnik?post=6769"}],"curies":[{"name":"wp","href":"https:\/\/api.w.org\/{rel}","templated":true}]}}

Místo pro uložení věnců a kytic po rozloučení se zesnulým

<!-- This site is optimized with the Yoast SEO plugin v24.2 - https://yoast.com/wordpress/plugins/seo/ -->
<title>Místo pro uložení věnců a kytic po rozloučení se zesnulým - Nápad pro Planou</title>
<meta name="robots" content="index, follow, max-snippet:-1, max-image-preview:large, max-video-preview:-1" />
<meta property="og:locale" content="cs_CZ" />
<meta property="og:type" content="article" />
<meta property="og:title" content="Místo pro uložení věnců a kytic po rozloučení se zesnulým - Nápad pro Planou" />
<meta property="og:description" content="V současnosti jsou věnce a kytice odneseny k centrálnímu kříži. Často tam leží týdny a nepůsobí to pěkně. Navrhuji je odkládat ke hřbitovní zdi poblíž kolumbária. Tam by se na zeď umístila zasklená skříňka, ve které by bylo parte zemřelého a pod ní polička pro svíčky. Ti, kteří se nemohli zúčastnit obřadu, tam mohou dodatečně položit kytici a zapálit svíčku." />
<meta property="og:url" content="http://www.participativni-rozpocet.cz/plana/navrhy/misto-pro-ulozeni-vencu-a-kytic-po-rozlouceni-se-zesnulym/" />
<meta property="og:site_name" content="Nápad pro Planou" />
<meta property="article:publisher" content="https://www.facebook.com/mesto.plana" />
<meta property="article:modified_time" content="2023-02-16T13:51:30+00:00" />
<meta property="og:image" content="http://www.participativni-rozpocet.cz/plana/wp-content/uploads/sites/55/2021/11/zed1.jpg" />
	<meta property="og:image:width" content="649" />
	<meta property="og:image:height" content="649" />
	<meta property="og:image:type" content="image/jpeg" />
<meta name="twitter:card" content="summary_large_image" />
<script type="application/ld+json" class="yoast-schema-graph">{"@context":"https://schema.org","@graph":[{"@type":"WebPage","@id":"http://www.participativni-rozpocet.cz/plana/navrhy/misto-pro-ulozeni-vencu-a-kytic-po-rozlouceni-se-zesnulym/","url":"http://www.participativni-rozpocet.cz/plana/navrhy/misto-pro-ulozeni-vencu-a-kytic-po-rozlouceni-se-zesnulym/","name":"Místo pro uložení věnců a kytic po rozloučení se zesnulým - Nápad pro Planou","isPartOf":{"@id":"https://www.participativni-rozpocet.cz/plana/#website"},"primaryImageOfPage":{"@id":"http://www.participativni-rozpocet.cz/plana/navrhy/misto-pro-ulozeni-vencu-a-kytic-po-rozlouceni-se-zesnulym/#primaryimage"},"image":{"@id":"http://www.participativni-rozpocet.cz/plana/navrhy/misto-pro-ulozeni-vencu-a-kytic-po-rozlouceni-se-zesnulym/#primaryimage"},"thumbnailUrl":"http://www.participativni-rozpocet.cz/plana/wp-content/uploads/sites/55/2021/11/zed1.jpg","datePublished":"2021-11-29T12:30:14+00:00","dateModified":"2023-02-16T13:51:30+00:00","breadcrumb":{"@id":"http://www.participativni-rozpocet.cz/plana/navrhy/misto-pro-ulozeni-vencu-a-kytic-po-rozlouceni-se-zesnulym/#breadcrumb"},"inLanguage":"cs","potentialAction":[{"@type":"ReadAction","target":["http://www.participativni-rozpocet.cz/plana/navrhy/misto-pro-ulozeni-vencu-a-kytic-po-rozlouceni-se-zesnulym/"]}]},{"@type":"ImageObject","inLanguage":"cs","@id":"http://www.participativni-rozpocet.cz/plana/navrhy/misto-pro-ulozeni-vencu-a-kytic-po-rozlouceni-se-zesnulym/#primaryimage","url":"http://www.participativni-rozpocet.cz/plana/wp-content/uploads/sites/55/2021/11/zed1.jpg","contentUrl":"http://www.participativni-rozpocet.cz/plana/wp-content/uploads/sites/55/2021/11/zed1.jpg","width":649,"height":649},{"@type":"BreadcrumbList","@id":"http://www.participativni-rozpocet.cz/plana/navrhy/misto-pro-ulozeni-vencu-a-kytic-po-rozlouceni-se-zesnulym/#breadcrumb","itemListElement":[{"@type":"ListItem","position":1,"name":"Domů","item":"https://www.participativni-rozpocet.cz/plana/"},{"@type":"ListItem","position":2,"name":"Návrhy","item":"http://www.participativni-rozpocet.cz/plana/navrhy/"},{"@type":"ListItem","position":3,"name":"Místo pro uložení věnců a kytic po rozloučení se zesnulým"}]},{"@type":"WebSite","@id":"https://www.participativni-rozpocet.cz/plana/#website","url":"https://www.participativni-rozpocet.cz/plana/","name":"Nápad pro Planou","description":"Participativní rozpočet města Planá","publisher":{"@id":"https://www.participativni-rozpocet.cz/plana/#organization"},"potentialAction":[{"@type":"SearchAction","target":{"@type":"EntryPoint","urlTemplate":"https://www.participativni-rozpocet.cz/plana/?s={search_term_string}"},"query-input":{"@type":"PropertyValueSpecification","valueRequired":true,"valueName":"search_term_string"}}],"inLanguage":"cs"},{"@type":"Organization","@id":"https://www.participativni-rozpocet.cz/plana/#organization","name":"Nápad pro Planou","url":"https://www.participativni-rozpocet.cz/plana/","logo":{"@type":"ImageObject","inLanguage":"cs","@id":"https://www.participativni-rozpocet.cz/plana/#/schema/logo/image/","url":"http://www.participativni-rozpocet.cz/plana/wp-content/uploads/sites/55/2021/10/logo_header.png","contentUrl":"http://www.participativni-rozpocet.cz/plana/wp-content/uploads/sites/55/2021/10/logo_header.png","width":544,"height":200,"caption":"Nápad pro Planou"},"image":{"@id":"https://www.participativni-rozpocet.cz/plana/#/schema/logo/image/"},"sameAs":["https://www.facebook.com/mesto.plana"]}]}</script>
<!-- / Yoast SEO plugin. -->

Místo pro uložení věnců a kytic po rozloučení se zesnulým - Nápad pro Planou

V současnosti jsou věnce a kytice odneseny k centrálnímu kříži. Často tam leží týdny a nepůsobí to pěkně. Navrhuji je odkládat ke hřbitovní zdi poblíž kolumbária. Tam by se na zeď umístila zasklená skříňka, ve které by bylo parte zemřelého a pod ní polička pro svíčky. Ti, kteří se nemohli zúčastnit obřadu, tam mohou dodatečně položit kytici a zapálit svíčku.

Nápad pro Planou

Domů

Návrhy

Participativní rozpočet města Planá
